 Suppose 4*r = 2 + 6. Calculate the highest common divisor of r and x.
1
Suppose 4*d - 4 = -20. Let a = 108 + d. Let c = a - -17. Calculate the greatest common factor of c and 11.
11
Let v(x) = 234*x**3 - 3*x**2 - x + 2. Let r be v(2). Suppose -r = -4*g - g. Let y be g/4 - -3*1. Calculate the highest common divisor of y and 16.
16
Suppose 4*h = -2*y - 0*y + 8, 10 = 4*y + 2*h. Let d(f) = f + 6. Let m be d(-4). Suppose m*p = -3 + 15. What is the greatest common factor of y and p?
2
Let p(a) = -a**2 + 12*a - 17. Let j be p(9). Calculate the greatest common factor of j and 110.
10
Let l be 3864/30 - (-2)/10. Calculate the greatest common divisor of l and 43.
43
Let y be (-1 - -16)*2/6. Suppose y*k - 3*j - 36 = 0, j + 9 = 4*j. Let b(o) = o**2 + 6*o - 4. Let q be b(4). What is the greatest common divisor of k and q?
9
Suppose -t + 2*t - 28 = 0. Suppose 0 = m - 2*m + t. What is the greatest common divisor of m and 224?
28
Let c(d) = d**3 - 7*d**2 + 2. Let r be c(7). Suppose r*s - 192 = 6. Let n be 22/2*(2 - 1). Calculate the highest common factor of n and s.
11
Suppose 0*d = 4*d - 8. Suppose 32 = d*z + g - 39, 2*g - 106 = -3*z. What is the greatest common factor of 4 and z?
4
Let l = -12 - -17. What is the highest common factor of l and 25?
5
Let i = 54 + -33. What is the highest common divisor of i and 14?
7
Let t(w) = -5*w**2 + 1 - 6*w**2 - 5*w + 13*w**2. Let f be t(7). Let j be (-1 + 17)/(0 + 1). Calculate the greatest common divisor of j and f.
16
Let g = -20 - -25. Calculate the highest common divisor of 15 and g.
5
Let u(x) = x**2 - x + 2. Let i be u(0). Suppose -2*f - 3*f = k, 0 = -i*f - k - 3. Calculate the greatest common factor of f and 1.
1
Let n(b) = -b**2 + 13*b - 10. Let c be n(12). Suppose -192 = -w - 2*w. Suppose 0 = -4*i - 8 + w. What is the highest common divisor of i and c?
2
Let v be (5 + -9)/(1 + -2). What is the highest common divisor of v and 4?
4
Suppose 606 = 4*k - 158. Suppose -2*l - n + 79 + k = 0, 0 = l - 5*n - 146. Calculate the greatest common divisor of l and 17.
17
Suppose 15 = -5*m, u + 3*u - 117 = -m. What is the highest common divisor of 10 and u?
10
Let z = 0 + -2. Let c be (z/2 - -3) + 25. Let o(w) = 3*w**2 - 2*w - 3. Let r be o(3). Calculate the greatest common factor of c and r.
9
Let u = -8 + 23. Let d(b) = b**3 + 6*b**2 + 3*b - 6. Let o be d(-5). Suppose -l = o - u. Calculate the greatest common divisor of 11 and l.
11
Let s(p) = -23*p**2. Let n be s(1). Let v = -1 - n. What is the greatest common factor of v and 66?
22
Let u(p) = -1 + 2 - 2 - p. Let z be u(-9). Let h be (0 - 2)*(-2)/4. What is the highest common divisor of h and z?
1
Let s be 0 + 3 + -1 + 1. Suppose -9 = -3*p, t - 4*p = -p. What is the highest common divisor of s and t?
3
Let l = -839 - -365. Let b be l/(-30) + (-1)/(-5). Calculate the greatest common divisor of b and 4.
4
Suppose 149*y - 146*y = 225. Calculate the greatest common factor of y and 10.
5
Suppose 3726 = 5*t + 4*f, 750 = t - 7*f + 3*f. Let j = -108 + t. Suppose 0 = 4*v + w - 686, j - 123 = 3*v + w. What is the highest common divisor of 19 and v?
19
Let g = -8 - -17. Let d = -13 - -31. Calculate the highest common factor of d and g.
9
Suppose -3*h + 108 = -0*h. Let k(d) = -d**3 + 9*d**2 + 25*d - 9. Let x be k(11). Calculate the highest common factor of h and x.
12
Let m be 1/(3/(-30)*-2). Let p(y) = y**3 - 4*y**2 + 2*y - 5. Let f be p(m). Calculate the greatest common divisor of f and 10.
10
Suppose 11 = -4*m + 587. What is the highest common divisor of 24 and m?
24
Let q(r) = -r**2 - 12*r + 8. Let v be q(-12). Suppose 0*b = -5*b + 200. Calculate the greatest common factor of v and b.
8
Suppose 0 = -5*i + 544 - 54. Let m = i + -50. What is the greatest common divisor of 6 and m?
6
Let b(f) = f**3 + 3*f**2 - 4*f - 3. Let t be b(-3). Let s = -458 - -539. What is the highest common factor of t and s?
9
Let v = 116 - 52. Let u = 269 + -185. Suppose 3*a + 36 - u = 0. What is the greatest common factor of a and v?
16
Let x = 73 + -49. What is the highest common factor of x and 60?
12
Suppose -3*p + 0*p = -18. Let l be (-98)/(-2) - (2 - 1). What is the greatest common factor of l and p?
6
Let n = 10 - 8. Suppose 0 = -5*y + n*y + 255. What is the highest common divisor of 17 and y?
17
Suppose -d - 19 = -110. Calculate the highest common divisor of 13 and d.
13
Suppose 4*y = 5*m - 84, 3*y + 0*y = -4*m - 63. Let f be ((-28)/y)/(2/18). Let s = -118 - -178. What is the highest common divisor of f and s?
12
Suppose -6*t = -3*t - 33. Calculate the greatest common factor of t and 88.
11
Let q(g) = -g**3 + 6*g**2 + 9*g + 20. Let m be q(7). Calculate the highest common divisor of m and 119.
17
Let s(f) = 3*f + 1. Let q be s(3). Calculate the highest common divisor of 15 and q.
5
Let f(m) = 5*m - 15. Let z be f(6). What is the greatest common factor of z and 165?
15
Let f(m) = 4*m**2 - 4*m. Suppose 0 = 5*y - 4 - 11. Let d be f(y). What is the greatest common divisor of d and 6?
6
Suppose -3*n + 37 = -26. Let y = -213 + 216. Calculate the greatest common factor of y and n.
3
Suppose 0 = 2*i + 6, -3*i + 21 = 5*n - 5*i. Suppose -16 = 4*s, -5*s + n = 3*q + 5. Let j be -9*(3 + -1)/(-2). What is the greatest common divisor of j and q?
3
Let u be (-4)/(-6) + (-830)/(-15). What is the highest common factor of u and 24?
8
Let s(l) = l**3 + 9*l**2 + 8*l + 5. Let o(w) = -w. Let f be o(8). Let b be s(f). What is the greatest common divisor of b and 10?
5
Suppose w + 4*w + 25 = 0. Let v = 15 + w. What is the greatest common divisor of v and 110?
10
Suppose 22 = 4*f - 18. Calculate the highest common factor of f and 5.
5
Suppose 4*i + 2*r + 102 = 0, 0 = -i + r + 2*r - 29. Let p = i + 41. What is the highest common factor of p and 165?
15
Suppose 3*z - 29 - 52 = 0. Let o(j) = -j**2 - 3*j - 4. Let m be o(-7). Let l = -23 - m. What is the greatest common factor of z and l?
9
Suppose -d + 22 = -3*r - 52, 18 = -r - 3*d. Let v be 4/(-6) - 376/r. Calculate the greatest common factor of 10 and v.
5
Let a be ((-12)/9)/((-6)/135). Calculate the greatest common divisor of 30 and a.
30
Let z = 11 - -6. What is the greatest common divisor of z and 187?
17
Let c = -16 + 38. What is the highest common factor of c and 176?
22
Let s = -50 - -77. Calculate the highest common divisor of 63 and s.
9
Let p be 3*(3 - (-6)/(-3)). Suppose 2*b - 90 = -p*b. Calculate the highest common divisor of 6 and b.
6
Let b = 2 + 0. Suppose -5*q - 4 = -164. Suppose b*n - q - 16 = 0. What is the highest common divisor of n and 24?
24
Let x = 12 - 1. Let r(c) = -c**2 + 16*c. Let m be r(11). Calculate the greatest common divisor of x and m.
11
Suppose 8*c = 5*c + 363. Calculate the highest common divisor of 11 and c.
11
Let n(q) = q**3 + 16*q**2 + 4. Let j be n(-16). Suppose 880 = g + j*g. Calculate the highest common factor of 16 and g.
16
Let k = -8 - -7. Let t be 16*(1/k)/(-1). Calculate the highest common factor of t and 144.
16
Let p be 20/8*(-2 + 4). Let d = 8 + p. Let l(k) = -k**2 + 19*k + 7. Let r be l(12). Calculate the greatest common divisor of d and r.
13
Suppose -z + 4 = -3*g + g, -g = -4*z + 9. Suppose -1 - 9 = z*r, -2*x + 2*r + 140 = 0. Calculate the greatest common factor of x and 26.
13
Let n(f) = 19*f**2 + f. Let q be n(-1). What is the highest common factor of 126 and q?
18
Let w be (-2)/((4/(-5))/2). Suppose 84 = 5*r + u, -4*r + w*u = r - 60. What is the highest common divisor of 4 and r?
4
Suppose -3*v - 2*a + 2 = -6*v, 3*a - 4 = 4*v. Let j be (v/6)/((-2)/(-12)). Let z be 1*(2 + -2 + j). What is the highest common factor of z and 2?
2
Let i(d) = -d**3 + 6*d**2 + 4*d - 15. Let a be i(6). Let u be (-9)/(1*(-3 - -2)). What is the greatest common factor of a and u?
9
Let z be (56/(-24))/((-2)/108). Calculate the highest common factor of z and 14.
14
Let s = 12 - 7. Suppose -3*t = -4*l - 8, -t + l + s = 2*l. Suppose 5*g - t*k = -23 + 143, 0 = -g - k + 33. What is the highest common divisor of 14 and g?
14
Suppose 2*r = -4*g - 38, 4 = -g + r + 4*r. Let h(k) = k**3 + 10*k**2 + 8*k - 2. Let y be h(g). What is the greatest common divisor of 63 and y?
7
Suppose 0 = 5*q + 4*n - 120, 0 = -3*q - n + 15 + 50. Suppose 0 = -4*k - b + 6*b + 180, 5*k - 230 = 5*b. What is the greatest common divisor of q and k?
10
Suppose -2*p + 7*p - 103 = 2*l